5
What is the value of -31 - 1 - (1 - -1) - (4538 - 4536)?
-36
-7 + (25 - 37) + -11 + (-6 - -4)
-32
What is the value of (3 - (13 + 4)) + (-2 - -15) + -9?
-10
Calculate -14 + 10 + -27 + 3 + 23 + -6 + -42.
-53
What is -38 - (13 + -12 + -31)?
-8
Evaluate -8 + 19 + -1 + (5 - -22) + 21.
58
Calculate -74 + (3 + -40 - -79) - (6 - -1).
-39
What is the value of 1 - 34 - (-27 + 109 + -110)?
-5
What is the value of -10 + -6 + 0 - (-6 - (26 + -20))?
-4
Calculate (-52 - (11 + -4 - (-36 + 46))) + (-18 - -17).
-50
-39 - (45 + 114) - -106
-92
What is (120 - (93 + 52)) + 2 + -36?
-59
Calculate (29 - 0 - -29) + (3 - 5) + -15 + 19.
60
Calculate (5 + (-28 - -2 - 5) - -11) + 53 + 46.
84
What is -63 - -28 - -63 - (-4 - (9 + -3 + -3))?
35
What is the value of 3 - -4 - -8 - (259 - 253)?
9
What is -264 - -34 - -233 - (-87 - 1)?
91
Calculate (-85 - (72 + -210)) + 1.
54
6 - (-22 - 8 - (-5 + -4 - -6))
33
Calculate -1 + -3 + (24 - 35) + -45 + 31.
-29
2 - -57 - (-334 + 332 + (2 - -8))
51
What is the value of (-61 - 2) + 1 + 24 + -6 + 3 + -23?
-64
What is the value of 18 + 148 + -73 + -44?
49
40 - (8 + -2 + 69 + -62)
27
What is 3 - (-33 - (5 + 0)) - (28 + -18)?
31
Calculate -5 - 5 - (-2 + (7 - 7)) - 14.
-22
(60 - -26) + -211 + 175
50
Calculate -2 + 22 + -6 + 8 + 9 + -4.
27
Calculate 1 + 0 - (22 + -37 + 24) - (-3 - -5).
-10
What is 41 - (1 - (8 + (-4 - 3)) - (-9 + 9))?
41
Evaluate 0 - (-11 + 4) - (-153 + 176).
-16
What is the value of 43 + -3 - (93 + -75)?
22
What is the value of 51 + (3 - 0) + 1 + -2643 + 2659?
71
What is 2 + 18 - (-876 - -878)?
18
-3 + (-3 - (33 + (-20 - 82)))
63
What is (3 - 7 - -12) + 6 + -17?
-3
Evaluate (4 - 4) + 1 + (20 - (31 + -14)) - 16.
-12
What is 13 + 1 + -2 + -16 - (6 + -2) - -74?
66
-8 + 22 + 0 - (13 + -10 - 10)
21
Calculate 1 - (8 - (-2 - -7 - (16 + -89 + 10))).
61
Evaluate (-28 - (-14 - -13)) + (-4 - -22 - 7).
-16
What is the value of (43 - (-14 - -7)) + (-112 - -94)?
32
70 + -39 - (-5 - 0 - (0 - 2))
34
What is the value of 56 + (11 - 197) + 0 + 29?
-101
What is 18 + 1 + (158 - 170) + (1 - 26)?
-18
What is the value of (-1 - (-5 - (-2 - 1))) + -36 + -34 + 37?
-32
What is the value of (-85 - (-191 + 98)) + (67 - 2)?
73
Evaluate -21 - (8 + -2 - -39) - -21.
-45
(40 - (43 + 47 + -94)) + 19
63
What is the value of -44 - (((44 - 29) + -15 - 4) + (8 - 1))?
-47
What is the value of 1 + -33 + (-36 + 20 + 31 - 30) - 14?
-61
Calculate (-10 - (-2 + 16 + -33) - -89) + -11.
87
Calculate (4 - ((4 - 11) + -2)) + -18 + 44 + 5.
44
Evaluate 2 - 13 - (11 + -13) - (21 + 12 + 5).
-47
(10 - 10) + -11 + 14 + 9 + -20
-8
What is -19 + (3 - -8) + 24 + 9 + -9?
16
56 + (3 - (-7 + (-3 + 2 - -24)))
43
What is 57 - (8 + 44 - 54 - (0 - -27) - -15)?
71
0 + 76 + (28 + (-31 - -44) - 40)
77
What is 24 + -1 - ((32 - 22 - 2) + 16 + -16)?
15
Calculate 6 + (16 + 7 + -50 - (1 - 0)).
-22
What is -10 + 0 + (19 - (-15 - -30)) - -13?
7
Evaluate 12 - (-28 - ((13 - 27) + 29)).
55
Evaluate 24 - (1 - 0) - (3 + (-6 - 5)).
31
Evaluate (1198 - 1160) + 1 + 1.
40
What is -10 + (123 + (20 - 14) - 12)?
107
Evaluate (4 - (-8 + (1 - 6))) + -24.
-7
Calculate -1 + 15 + -1 + (79 - 83) - 12 - -67.
64
What is the value of -9 + (26 - (11 + -19 + (-12 + 23 - 4)))?
18
What is -18 + 34 + 39 - 40?
15
What is (126 - 195) + -12 + 79?
-2
-7 - (-84 + ((-16 - (5 + -8)) + -7 - -13))
84
Calculate -99 + 199 + -183 - -198.
115
Calculate 81 - 47 - 23 - 36.
-25
Evaluate 211 - 185 - (-14 + -35).
75
(3 - (5 + 0 + 1)) + (-18 - 24) - 5
-50
Calculate -6 + (56 - (24 + 8)).
18
What is the value of -103 + 191 + -103 + 117 + -1?
101
What is (1 - -65) + (4010 - 4054)?
22
(-129 - (103 - 385)) + -133
20
Calculate -22 - 11 - (9 + -4 + (12 - 20)).
-30
What is -31 + -1 + 0 - (74130 - 74164)?
2
What is the value of -10 + -17 + 32 + (9 - 1) + -26?
-13
What is the value of 12 + (-45 - (10 + -30)) + -81 + 5?
-89
What is the value of -8 + 42 + -22 + (1 + -3 - 1) + -2?
7
What is the value of -46 + (45 - -4) + 14?
17
What is 241 + -232 + 4 + -1 + (6 - 1)?
17
What is -88 + 31 + (47 - 37)?
-47
What is the value of -36 - ((8 - -2) + (-7 - (0 - -2) - 4))?
-33
(1708 - 1637) + (0 - 0) + 12
83
Calculate 20 - (-3 - ((18 - 26) + 1)).
16
What is -38 + ((15 - -8) + 13 - 94)?
-96
What is -5 - (-5 - (-24 - (13 - 20)) - 26)?
9
(-2 - -2) + 151 + 269 + (77 - 360)
137
What is the value of 4 + (-3 - 35) + (11 - ((-20 - -35) + -10))?
-28
Calculate -76 + 50 + -39 + 106.
41
(47 - 17) + -8 + (-9 - -23)
36
What is (3 + -4 - 9) + (-26 - (20 - -30) - -3)?
-83
What is the value of (34 - (25 + -15)) + -18 - -24?
30
Evaluate (-4 - -45) + (-68 - -167 - 53).
87
Evaluate (-8348 - -8272) + (-2 - (2 - 39)).
-41
Calculate 9 + 32 + 13 - 43.
11
What is the value of (-63 - -172) + -65 - (6 + -2)?
40
-4 + (1 - -69) + -586 + 587
67
What is the value of -17 + 19 + (-24 - -34)?
12
Calculate (-1 + -1 - (9 + -5 + 7)) + 27.
14
What is 9 - ((-1 + 4 - -86) + -5 + (37 - 45))?
-67
Evaluate 8 - (-151 - -80) - 17.
62
144 + -40 - 83 - (145 + 1)
-125
Evaluate 6 + 59 - (33 + -22 - -4).
50
What is the value of 167 - (-45 + 40 + 64)?
108
What is the value of -20 + (-13 - (-2 - 16)) + 8 - -49?
42
What is -20 - (-3 - 4 - -7) - (17 + -28) - 106?
-115
-133 + 1 - (317 - 337) - -22
-90
Calculate -35 + 6 + 2 - ((14 - 6) + -19).
-16
Evaluate 130 + (-47 - 159) + 65.
-11
What is -47 + 1 - (-320 - (1 - 291))?
-16
What is the value of -26 + (0 - (-15 + -18) - 63)?
-56
What is the value of 28 + 8 + -42 + (-3 - 2) + 12?
1
Calculate (5 + -17 + -3 - -17) + 13 + -16 + -38.
-39
Evaluate (-31 - (-35 + 21)) + -4 - -16 - -102.
97
Calculate 87 + (-12 - (-81 + 75)).
81
Calculate 2 + (8 + 0 - (-1 - -49 - 43)).
5
Calculate 59 + (-4 - (47 - 32)) + -18.
22
What is -16 - (-53 + 46 + 3 + 17)?
-29
-68 + 71 + (154 - 85)
72
What is (-10 + 29 + 3 - 64) + 4?
-38
Calculate -142 - (-137 - -77 - (-32 + 14)).
-100
Evaluate 161 + -23 + (-6 - ((-12 - (-8 - 3)) + 9)).
124
(8 - 20) + 9 + 8 + -2
3
5 - (-116 + (-44 - -84))
81
-93 + 33 + -73 - -70
-63
What is the value of -3 - (-2 + 3) - (12249 + -12344)?
91
What is 3484 + -3517 - (-6 + -4 + 0 + 3)?
-26
What is the value of (-3 - -1) + (-105 - -11) + 70?
-26
What is the value of (19 + 62 - -13 - 22) + 19 + 0?
91
What is the value of 3 + -3 + (161 - 131)?
30
(65 - -22 - -8) + (4 - 9 - -3 - -5)
98
What is 14 + (-30 - (32 - 34)) + -56?
-70
Evaluate (3 + (0 + 5 - 6) - -13) + (-161 - -48).
-98
Calculate (35 + 67 - 14) + -119.
-31
0 + -1 - 1 - (36 - (-51 - 27))
-116
What is 6 + -5 - (-20 + 8 + (-14 - -22))?
5
What is 27 + (4 - (-3 + 17)) + (3 - 2) + -1?
17
-131 + (38 - 73) + 109
-57
(143 - 118) + -90 - -157
92
Evaluate -9 - (21 + 27 + (2 - (-22 + 5))).
-76
What is -48 - 1 - (-39 - -87 - 75)?
-22
Evaluate 39 + (25 + -12 - 64) + 4 + -4 + 83.
71
Evaluate (-268 - -247) + -11 + -3 + -5.
-40
What is (-2 - 43) + (-30 - -43)?
-32
-2 - 120 - (50 - 137)
-35
0 + -7 - ((12 + -6 + -26 - -37) + -117)
93
Evaluate -53 + 103 - ((3 - -5 - 4 - -1) + -4).
49
86 + 4 - (2517 - 2511)
84
Evaluate -71 - (-140 - -26) - 29.
14
Evaluate (-74 + 6 - -72) + 35.
39
24 + -5 + -6 + 0 + (-139 - -142)
16
Calculate 97 + (-36 - (-30 - -26)).
65
3 + 32 + (13 + 10 - -16)
74
What is 27 - (20 - 26 - -7) - 114?
-88
What is (57 - (34 - -34)) + -3 + 3?
-11
What is -46 + 122 - (-32 - -90)?
18
Calculate (-2 - 0) + -23 + 27 + 2 + -36.
-32
What is the value of -86 - ((20 - 51) + 32)?
-87
12 + (59 - 21 - 51)
-1
What is -23 + 22 - ((-55 - (-2 + 6 - -5)) + -6)?
69
2 + -1 - (49 + (-4 + -2 - -4) + 14)
-60
-168 + (202 - (148 - 59))
-55
What is 61 - (11 + (-4 - (21 - (4 - -7))))?
64
What is the value of 10 + (9 - (23 + -25)) + 27?
48
What is the value of 14 + 29 + -43 + ((3 - -4) + -4 - 60)?
-57
What is 2 + -94 + 126 - 9?
25
What is the value of -4 + -5 - (-221 + 239 + (-27 - -2))?
-2
What is (3 - 19) + (-81 - -50)?
-47
Calculate 9 + -61 + 1 + -3 + 4 + -12 + 5.
-57
What is the value of (-1 - 22) + (-12 - (-24 + 4))?
-15
Calculate 2 + (2 - -3) + (-140 - -43) + 86.
-4
-21 - ((27 - 51 - 21) + -13)
37
What is the value of (26 - 2) + (-24 - (-5 - (19 + 2)))?
26
Evaluate -2 + 6 + -2 + (-64 - 47) - -9.
-100
-139 + 0 - (36 + -26 + 8 + -32)
-125
What is the value of -18 + (-6 + 17 - 14)?
-21
Evaluate 163 - 123 - 60 - (-4 + 2 - -9).
-27
46 + -78 + 10 - -42
20
What is the value of (-5 - (2 + -4)) + (33 + -24 + 83 - 18)?
71
What is 106 + (4 - 18) + 31 + -36